34 a multiple of 3?
False
Is 19 a factor of 32704?
False
Is 235 a factor of 341149?
False
Does 5 divide 2321429?
False
Does 309 divide 587249?
False
Is 42 a factor of 19975328?
False
Is 1839080 a multiple of 230?
True
Is 583 a factor of 1852255?
False
Is 735801 a multiple of 2?
False
Does 202 divide 3311790?
True
Is 18762 a multiple of 59?
True
Is 21689 a multiple of 4?
False
Does 73 divide 385019?
False
Is 169 a factor of 2505351?
False
Is 126 a factor of 12369725?
False
Does 12 divide 971364?
True
Does 36 divide 288288?
True
Is 1467848 a multiple of 68?
True
Does 23 divide 537832?
True
Does 40 divide 41502?
False
Is 1816708 a multiple of 131?
True
Is 5153564 a multiple of 278?
True
Does 1010 divide 3603680?
True
Is 178740 a multiple of 216?
False
Is 370 a factor of 211492?
False
Does 28 divide 88473?
False
Is 155 a factor of 437100?
True
Does 2 divide 265?
False
Is 82 a factor of 60844?
True
Is 729787 a multiple of 10?
False
Does 2 divide 45069?
False
Is 32736 a multiple of 24?
True
Does 41 divide 1559886?
True
Is 222 a factor of 1305138?
True
Does 14 divide 569728?
False
Is 5047096 a multiple of 59?
True
Is 396332 a multiple of 8?
False
Is 77 a factor of 51975?
True
Is 13137318 a multiple of 69?
False
Does 13 divide 23231?
True
Is 21 a factor of 513665?
False
Does 131 divide 5073673?
False
Does 263 divide 884995?
True
Is 7998757 a multiple of 900?
False
Is 11 a factor of 719411?
True
Is 13 a factor of 3913091?
True
Does 3 divide 422740?
False
Does 442 divide 791852?
False
Does 7 divide 477890?
True
Is 204534 a multiple of 198?
True
Is 14 a factor of 419125?
False
Is 15064736 a multiple of 6?
False
Does 483 divide 844238?
False
Is 1370071 a multiple of 1472?
False
Does 25 divide 2621970?
False
Is 32 a factor of 508960?
True
Is 142 a factor of 1154318?
True
Is 169311 a multiple of 103?
False
Does 91 divide 99554?
True
Does 8 divide 571861?
False
Is 85 a factor of 8948?
False
Is 7 a factor of 5068133?
True
Does 719 divide 95643?
False
Is 89424 a multiple of 12?
True
Is 132507 a multiple of 18?
False
Is 4529135 a multiple of 130?
False
Does 3 divide 4478758?
False
Is 329 a factor of 3482846?
False
Is 35 a factor of 11114023?
False
Does 41 divide 342432?
True
Is 1381 a factor of 295549?
False
Is 14 a factor of 31481450?
True
Does 106 divide 98898?
True
Is 67509 a multiple of 9?
True
Is 387508 a multiple of 121?
False
Does 330 divide 328012?
False
Does 694 divide 176276?
True
Is 2869915 a multiple of 28?
False
Is 711003 a multiple of 57?
False
Does 62 divide 577961?
False
Is 843036 a multiple of 32?
False
Is 4 a factor of 52123?
False
Is 12652 a multiple of 18?
False
Does 14 divide 1512084?
True
Is 433 a factor of 2106102?
False
Is 16 a factor of 113955?
False
Is 341 a factor of 144243?
True
Is 10 a factor of 10279445?
False
Is 58 a factor of 234842?
True
Does 53 divide 2847584?
True
Does 88 divide 332489?
False
Does 663 divide 2752896?
False
Does 32 divide 2768?
False
Does 36 divide 138528?
True
Is 113388 a multiple of 4?
True
Is 402790 a multiple of 94?
True
Is 12 a factor of 1877?
False
Does 140 divide 187740?
True
Is 23989686 a multiple of 34?
True
Is 13 a factor of 38721?
False
Is 993346 a multiple of 79?
True
Does 466 divide 158906?
True
Is 4 a factor of 90898?
False
Is 40 a factor of 329657?
False
Does 13 divide 4205399?
False
Is 968831 a multiple of 136?
False
Is 66831 a multiple of 45?
False
Is 10853211 a multiple of 49?
False
Is 12159279 a multiple of 789?
True
Is 958806 a multiple of 9?
True
Does 189 divide 112446?
False
Is 35 a factor of 116918?
False
Is 60 a factor of 245100?
True
Is 14 a factor of 1751934?
False
Is 50323 a multiple of 6?
False
Is 10 a factor of 158980?
True
Is 493678 a multiple of 178?
False
Is 26 a factor of 370604?
True
Does 4 divide 84440?
True
Does 364 divide 764764?
True
Does 40 divide 520663?
False
Does 233 divide 259096?
True
Is 22 a factor of 106267?
False
Is 91 a factor of 243061?
True
Is 18782669 a multiple of 1304?
False
Is 40 a factor of 1601096?
False
Is 476 a factor of 649343?
False
Does 14 divide 31805690?
True
Is 203052 a multiple of 12?
True
Is 897922 a multiple of 55?
False
Is 150961 a multiple of 28?
False
Is 2276895 a multiple of 15?
True
Is 24 a factor of 235920?
True
Does 4 divide 874913?
False
Is 50379 a multiple of 7?
True
Is 879284 a multiple of 9?
False
Is 980585 a multiple of 581?
False
Is 34960 a multiple of 98?
False
Is 130 a factor of 1430601?
False
Does 27 divide 699443?
False
Is 598394 a multiple of 73?
False
Is 4796766 a multiple of 9?
True
Does 39 divide 8755344?
True
Does 9 divide 701777?
False
Is 642318 a multiple of 2?
True
Is 886 a factor of 8478134?
True
Is 72098 a multiple of 47?
True
Is 6 a factor of 15322?
False
Does 3 divide 139709?
False
Is 910 a factor of 2695420?
True
Is 259 a factor of 3733?
False
Is 21637 a multiple of 7?
True
Is 99810 a multiple of 45?
True
Is 4 a factor of 154319?
False
Does 7 divide 31331?
False
Does 103 divide 2014546?
False
Is 13 a factor of 246408?
False
Is 439209 a multiple of 12?
False
Is 55860 a multiple of 98?
True
Is 26417665 a multiple of 20?
False
Does 723 divide 13233116?
False
Is 113 a factor of 4797467?
False
Is 162 a factor of 1014090?
False
Does 206 divide 467414?
True
Is 29 a factor of 28478?
True
Is 18 a factor of 4895460?
True
Does 102 divide 12331902?
True
Is 680992 a multiple of 16?
True
Is 20 a factor of 456132?
False
Is 100282 a multiple of 203?
True
Is 285 a factor of 6768825?
False
Does 776 divide 1393817?
False
Is 45717 even?
False
Is 8 a factor of 33905?
False
Is 161 a factor of 519547?
True
Is 46 a factor of 3804522?
True
Does 6 divide 91495?
False
Is 17 a factor of 1976029?
True
Does 197 divide 1995621?
False
Does 17 divide 18037?
True
Is 134990 even?
True
Is 303294 a multiple of 10?
False
Is 54993 a multiple of 16?
False
Is 10 a factor of 847999?
False
Is 15561 a multiple of 21?
True
Does 73 divide 338282?
True
Does 68 divide 148903?
False
Is 184079 a multiple of 7?
True
Is 413 a factor of 2177336?
True
Is 12 a factor of 1681956?
True
Does 20 divide 184160?
True
Is 32482 a multiple of 11?
False
Is 348 a factor of 266129?
False
Is 665754 a multiple of 642?
True
Is 35068 a multiple of 44?
True
Is 282 a factor of 43760?
False
Is 60 a factor of 9883140?
True
Does 984 divide 1960128?
True
Does 27 divide 941166?
True
Is 5 a factor of 2603908?
False
Is 176493 a multiple of 39?
False
Is 265 a factor of 1821242?
False
Does 227 divide 3722335?
False
Does 163 divide 193318?
True
Is 229 a factor of 829438?
True
Is 16704 a multiple of 8?
True
Is 28572 a multiple of 19?
False
Is 13917703 a multiple of 22?
False
Does 8 divide 24814575?
False
Does 19 divide 4482271?
True
Does 12 divide 494059?
False
Is 268618 a multiple of 75?
False
Is 230 a factor of 221622?
False
Is 313 a factor of 549083?
False
Is 5524573 a multiple of 555?
False
Does 259 divide 676292?
False
Does 117 divide 7269912?
True
Is 13909896 a multiple of 1737?
True
Is 5985121 a multiple of 18?
False
Is 217650 a multiple of 6?
True
Is 31601 a multiple of 3?
False
Is 18 a factor of 2392578?
True
Is 1660324 a multiple of 23?
True
Is 81 a factor of 376893?
True
Does 88 divide 11284328?
True
Is 29 a factor of 11075862?
False
Is 611 a factor of 5206225?
False
Is 41440 even?
True
Is 298 a factor of 1765650?
True
Is 13118980 a multiple of 8?
False
Does 41 divide 25174?
True
Is 16188 a multiple of 284?
True
Does 9 divide 1246896?
True
Is 49286 a multiple of 19?
True
Is 36 a factor of 298645?
False
Is 6723209 a multiple of 7?
False
Is 14 a factor of 3691030?
True
Is 8853120 a multiple of 384?
True
Is 60239 a multiple of 59?
True
Does 132 divide 8422529?
False
Does 165 divide 36630?
True
Does 15 divide 396210?
True
Is 562 a factor of 5709358?
True
Does 13 divide 3498795?
False
Is 1827632 a multiple of 502?
False
Is 10 a factor of 10927521?
False
Is 594377 a multiple of 9?
False
Is 9 a factor of 9376359?
False
Is 31 a factor of 941346?
True
Is 1203 a factor of 1586757?
True
Does 39 divide 848016?
True
Is 93 a factor of 588314?
False
Is 731196 a multiple of 19?
True
Does 80 divide 221435?
False
Is 14 a factor of 13032208?
True
Does 3 divide 3996?
True
Is 7 a factor of 129906?
True
Is 17 a factor of 114259?
False
Is 24 a factor of 1312176?
True
Is 103 a factor of 80958?
True
Is 8 a 